{"id":167,"date":"2025-02-09T17:15:23","date_gmt":"2025-02-09T17:15:23","guid":{"rendered":"https:\/\/wir-philosophieren.at\/?post_type=product&#038;p=167"},"modified":"2025-02-25T15:52:08","modified_gmt":"2025-02-25T15:52:08","slug":"fragen-forschen-glucklichsein","status":"publish","type":"product","link":"https:\/\/wir-philosophieren.at\/?product=fragen-forschen-glucklichsein","title":{"rendered":"Fragen, Forschen, Gl\u00fccklichsein"},"content":{"rendered":"<p><span style=\"color: #500000; font-family: Arial;\">In diesem Buch (130 Seiten mit Abbildungen) beschreibt Uly Paya das Philosophieren mit Kindern aus langj\u00e4hriger Erfahrung und bietet Ihnen dabei kreative und spannende Details aus der Praxis. Das Buch gibt Antworten im Umgang mit Fragen von Kindern, Jugendlichen und Erwachsenen. Welche Rolle haben Fragen eigentlich? Und was ist \u00fcberhaupt eine Frage? Er gibt darin praktische Hinweise f\u00fcr Eltern, P\u00e4dagogInnen und ExpertInnen im Philosophieren. <\/span><\/p>\n","protected":false},"excerpt":{"rendered":"<p>Das Buch zum Philosophieren und Nachdenken<\/p>\n","protected":false},"featured_media":490,"comment_status":"closed","ping_status":"closed","template":"","meta":{"neve_meta_sidebar":"","neve_meta_container":"","neve_meta_enable_content_width":"off","neve_meta_content_width":100,"neve_meta_title_alignment":"","neve_meta_author_avatar":"","neve_post_elements_order":"","neve_meta_disable_header":"","neve_meta_disable_footer":"","neve_meta_disable_title":""},"product_brand":[],"product_cat":[20],"product_tag":[23,22,24,21],"class_list":{"0":"post-167","1":"product","2":"type-product","3":"status-publish","4":"has-post-thumbnail","6":"product_cat-materialien","7":"product_tag-anleitung","8":"product_tag-buch","9":"product_tag-erfahrungen","10":"product_tag-philosophieren","11":"product_shipping_class-leichtes-gewischt","13":"first","14":"instock","15":"shipping-taxable","16":"purchasable","17":"product-type-simple"},"_links":{"self":[{"href":"https:\/\/wir-philosophieren.at\/index.php?rest_route=\/wp\/v2\/product\/167","targetHints":{"allow":["GET"]}}],"collection":[{"href":"https:\/\/wir-philosophieren.at\/index.php?rest_route=\/wp\/v2\/product"}],"about":[{"href":"https:\/\/wir-philosophieren.at\/index.php?rest_route=\/wp\/v2\/types\/product"}],"replies":[{"embeddable":true,"href":"https:\/\/wir-philosophieren.at\/index.php?rest_route=%2Fwp%2Fv2%2Fcomments&post=167"}],"wp:featuredmedia":[{"embeddable":true,"href":"https:\/\/wir-philosophieren.at\/index.php?rest_route=\/wp\/v2\/media\/490"}],"wp:attachment":[{"href":"https:\/\/wir-philosophieren.at\/index.php?rest_route=%2Fwp%2Fv2%2Fmedia&parent=167"}],"wp:term":[{"taxonomy":"product_brand","embeddable":true,"href":"https:\/\/wir-philosophieren.at\/index.php?rest_route=%2Fwp%2Fv2%2Fproduct_brand&post=167"},{"taxonomy":"product_cat","embeddable":true,"href":"https:\/\/wir-philosophieren.at\/index.php?rest_route=%2Fwp%2Fv2%2Fproduct_cat&post=167"},{"taxonomy":"product_tag","embeddable":true,"href":"https:\/\/wir-philosophieren.at\/index.php?rest_route=%2Fwp%2Fv2%2Fproduct_tag&post=167"}],"curies":[{"name":"wp","href":"https:\/\/api.w.org\/{rel}","templated":true}]}}