{"id":96,"date":"2025-02-09T12:06:31","date_gmt":"2025-02-09T12:06:31","guid":{"rendered":"https:\/\/wir-philosophieren.at\/?page_id=96"},"modified":"2026-02-05T12:45:32","modified_gmt":"2026-02-05T12:45:32","slug":"informationen","status":"publish","type":"page","link":"https:\/\/wir-philosophieren.at\/?page_id=96","title":{"rendered":"Vortr\u00e4ge &amp; Moderation"},"content":{"rendered":"<div style=\"height:18px\" aria-hidden=\"true\" class=\"wp-block-spacer\"><\/div><div class=\"wp-block-group is-vertical is-layout-flex wp-container-core-group-is-layout-1 wp-block-group-is-layout-flex\"><h2 class=\"wp-block-heading\">Vortrag<\/h2>\n\n<p><\/p>\n\n<p>Die Kulturtechnik des Philosophierens als Methode ist noch immer wenig verbreitet. Dabei beinhaltet sie unglaubliche M\u00f6glichkeiten, Teams oder Menschen zusammen zu bringen und gemeinsam an einem Thema zu forschen. Der Referent Uly Paya betrachtet dabei Themen aus dem Blickwinkel des &#8222;Philosophieren mit Kindern, Jugendlichen und Erwachsenen&#8220; und gibt Einblicke aus seinen vielf\u00e4ltigen Erfahrungen (seit 2007).<\/p>\n\n<p>Der Vortrag ist u.a. interaktiv gehalten und l\u00e4dt somit zum aktiven Mitmachen und Mitdenken ein. Der Vortrag ist ein Schnupperworkshop, er soll Lust machen auf das Philosophieren und es als Kulturtechnik und Bildungsprinzip vorstellen, um Inspirationen f\u00fcr mehr Kommunikation, Fragestellen und dem Miteinander anzubieten.<\/p>\n\n<p><br><strong>Zielgruppen:<\/strong> Eltern, Interessierte, Elternvereine, Firmen-Teams, Lehrer*innen-Teams sowie Institutionen, die ihren Umgang oder ihre Perspektiven erweitern wollen, profitieren von einem Vortrag!<\/p>\n\n<p>Der Vortrag ist eine Bereicherung f\u00fcr jede Veranstaltung und ist humorvoll, tiefgr\u00fcndig und kurzweilig gehalten.<\/p>\n\n<p>Vortragender: Uly Paya &#8211; er blickt auf eine jahrzehntelange Laufbahn als P\u00e4dagoge, Musiker und Maler zur\u00fcck. Er philosophiert seit 2007 und hat im Jahre 2010 die Akademie in Wien initiiert und gegr\u00fcndet.<\/p>\n\n<div style=\"height:23px\" aria-hidden=\"true\" class=\"wp-block-spacer wp-container-content-1\"><\/div>\n\n<div style=\"height:17px\" aria-hidden=\"true\" class=\"wp-block-spacer wp-container-content-2\"><\/div>\n\n<figure class=\"wp-block-image size-full is-resized\"><img loading=\"lazy\" decoding=\"async\" width=\"375\" height=\"500\" src=\"https:\/\/wir-philosophieren.at\/wp-content\/uploads\/2025\/02\/vortrag2.jpg\" alt=\"\" class=\"wp-image-661\" style=\"width:223px;height:auto\" srcset=\"https:\/\/wir-philosophieren.at\/wp-content\/uploads\/2025\/02\/vortrag2.jpg 375w, https:\/\/wir-philosophieren.at\/wp-content\/uploads\/2025\/02\/vortrag2-225x300.jpg 225w\" sizes=\"auto, (max-width: 375px) 100vw, 375px\" \/><\/figure>\n\n<div style=\"height:33px\" aria-hidden=\"true\" class=\"wp-block-spacer wp-container-content-3\"><\/div>\n\n<h2 class=\"wp-block-heading\">Moderation<\/h2>\n\n<p>Bei der Moderation im philosophischen Kontext werden keine polarisierenden Ja\/Nein Fragen gestellt, wie es in den TV-Shows \u00fcblich ist. Es geht um das gemeinsame Erarbeiten und Erforschen eines Themas, um die Frage, wo das Verbindende als auch die Unterschiede sind und liegen k\u00f6nnten. Wertsch\u00e4tzender Umgang steht dabei im Mittelpunkt.<\/p>\n\n<div style=\"height:42px\" aria-hidden=\"true\" class=\"wp-block-spacer wp-container-content-4\"><\/div>\n\n<p>Hier k\u00f6nnen Sie Ihr Anliegen an uns richten.<\/p>\n\n<div class=\"wpforms-container wpforms-container-full wpforms-block wpforms-block-4025a767-4fbb-4502-bbf1-3057b066d0b3 wpforms-render-modern\" id=\"wpforms-243\"><form id=\"wpforms-form-243\" class=\"wpforms-validate wpforms-form wpforms-ajax-form\" data-formid=\"243\" method=\"post\" enctype=\"multipart\/form-data\" action=\"\/index.php?rest_route=%2Fwp%2Fv2%2Fpages%2F96\" data-token=\"193541f3c80e67bf6102e788f2d3bfc9\" data-token-time=\"1776774732\"><noscript class=\"wpforms-error-noscript\">Bitte aktiviere JavaScript in deinem Browser, um dieses Formular fertigzustellen.<\/noscript><div class=\"wpforms-hidden\" id=\"wpforms-error-noscript\">Bitte aktiviere JavaScript in deinem Browser, um dieses Formular fertigzustellen.<\/div><div class=\"wpforms-field-container\"><div id=\"wpforms-243-field_1-container\" class=\"wpforms-field wpforms-field-name\" data-field-id=\"1\"><fieldset><legend class=\"wpforms-field-label\">Name <span class=\"wpforms-required-label\" aria-hidden=\"true\">*<\/span><\/legend><div class=\"wpforms-field-row wpforms-field-medium\"><div class=\"wpforms-field-row-block wpforms-first wpforms-one-half\"><input type=\"text\" id=\"wpforms-243-field_1\" class=\"wpforms-field-name-first wpforms-field-required\" name=\"wpforms[fields][1][first]\" aria-errormessage=\"wpforms-243-field_1-error\" required><label for=\"wpforms-243-field_1\" class=\"wpforms-field-sublabel after\">Vorname<\/label><\/div><div class=\"wpforms-field-row-block wpforms-one-half\"><input type=\"text\" id=\"wpforms-243-field_1-last\" class=\"wpforms-field-name-last wpforms-field-required\" name=\"wpforms[fields][1][last]\" aria-errormessage=\"wpforms-243-field_1-last-error\" required><label for=\"wpforms-243-field_1-last\" class=\"wpforms-field-sublabel after\">Nachname<\/label><\/div><\/div><\/fieldset><\/div><div id=\"wpforms-243-field_2-container\" class=\"wpforms-field wpforms-field-email\" data-field-id=\"2\"><fieldset><legend class=\"wpforms-field-label\">E-Mail-Adresse <span class=\"wpforms-required-label\" aria-hidden=\"true\">*<\/span><\/legend><div class=\"wpforms-field-row wpforms-field-medium\"><div class=\"wpforms-field-row-block wpforms-one-half wpforms-first\"><input type=\"email\" id=\"wpforms-243-field_2\" class=\"wpforms-field-required wpforms-field-email-primary\" name=\"wpforms[fields][2][primary]\" spellcheck=\"false\" aria-errormessage=\"wpforms-243-field_2-error\" required><label for=\"wpforms-243-field_2\" class=\"wpforms-field-sublabel after\">E-Mail-Adresse<\/label><\/div><div class=\"wpforms-field-row-block wpforms-one-half\"><input type=\"email\" id=\"wpforms-243-field_2-secondary\" class=\"wpforms-field-email-secondary wpforms-field-required\" data-rule-confirm=\"#wpforms-243-field_2\" name=\"wpforms[fields][2][secondary]\" spellcheck=\"false\" aria-errormessage=\"wpforms-243-field_2-secondary-error\" required><label for=\"wpforms-243-field_2-secondary\" class=\"wpforms-field-sublabel after\">E-Mail best\u00e4tigen<\/label><\/div><\/div><\/fieldset><\/div><div id=\"wpforms-243-field_4-container\" class=\"wpforms-field wpforms-field-text\" data-field-id=\"4\"><label class=\"wpforms-field-label\" for=\"wpforms-243-field_4\">Telefonnummer<\/label><input type=\"text\" id=\"wpforms-243-field_4\" class=\"wpforms-field-small\" name=\"wpforms[fields][4]\" aria-errormessage=\"wpforms-243-field_4-error\" ><\/div><div id=\"wpforms-243-field_3-container\" class=\"wpforms-field wpforms-field-textarea\" data-field-id=\"3\"><label class=\"wpforms-field-label\" for=\"wpforms-243-field_3\">Kommentar oder Nachricht<\/label><textarea id=\"wpforms-243-field_3\" class=\"wpforms-field-medium\" name=\"wpforms[fields][3]\" aria-errormessage=\"wpforms-243-field_3-error\" ><\/textarea><\/div><div id=\"wpforms-243-field_5-container\" class=\"wpforms-field wpforms-field-checkbox\" data-field-id=\"5\"><fieldset><legend class=\"wpforms-field-label\">Newsletter<\/legend><ul id=\"wpforms-243-field_5\"><li class=\"choice-1 depth-1\"><input type=\"checkbox\" id=\"wpforms-243-field_5_1\" name=\"wpforms[fields][5][]\" value=\"Ich bin noch nicht im Verteiler und freue mich \u00fcber 1-2 Emails pro Jahr mit Informationen der Akademie. Ich habe die Datenschutzbestimmungen in unseren AGBs gelesen.\" aria-errormessage=\"wpforms-243-field_5_1-error\"  ><label class=\"wpforms-field-label-inline\" for=\"wpforms-243-field_5_1\">Ich bin noch nicht im Verteiler und freue mich \u00fcber 1-2 Emails pro Jahr mit Informationen der Akademie. Ich habe die Datenschutzbestimmungen in unseren AGBs gelesen.<\/label><\/li><\/ul><\/fieldset><\/div><\/div><!-- .wpforms-field-container --><div class=\"wpforms-recaptcha-container wpforms-is-recaptcha wpforms-is-recaptcha-type-v2\" ><div class=\"g-recaptcha\" data-sitekey=\"6LeQD7wsAAAAALbcn8TAo9Y_bKI0IY8Za7-Kl3Pl\"><\/div><input type=\"text\" name=\"g-recaptcha-hidden\" class=\"wpforms-recaptcha-hidden\" style=\"position:absolute!important;clip:rect(0,0,0,0)!important;height:1px!important;width:1px!important;border:0!important;overflow:hidden!important;padding:0!important;margin:0!important;\" data-rule-recaptcha=\"1\"><\/div><div class=\"wpforms-submit-container\" ><input type=\"hidden\" name=\"wpforms[id]\" value=\"243\"><input type=\"hidden\" name=\"page_title\" value=\"\"><input type=\"hidden\" name=\"page_url\" value=\"https:\/\/wir-philosophieren.at\/index.php?rest_route=\/wp\/v2\/pages\/96\"><button type=\"submit\" name=\"wpforms[submit]\" id=\"wpforms-submit-243\" class=\"wpforms-submit\" data-alt-text=\"Wird gesendet\u00a0\u2026\" data-submit-text=\"Absenden\" aria-live=\"assertive\" value=\"wpforms-submit\">Absenden<\/button><img loading=\"lazy\" decoding=\"async\" src=\"https:\/\/wir-philosophieren.at\/wp-content\/plugins\/wpforms-lite\/assets\/images\/submit-spin.svg\" class=\"wpforms-submit-spinner\" style=\"display: none;\" width=\"26\" height=\"26\" alt=\"Wird geladen\"><\/div><\/form><\/div>  <!-- .wpforms-container -->\n\n<p>*<em>alle Daten weren vertrauensvoll behandelt<\/em><\/p><\/div><div style=\"height:32px\" aria-hidden=\"true\" class=\"wp-block-spacer\"><\/div>","protected":false},"excerpt":{"rendered":"<p>Vortrag Die Kulturtechnik des Philosophierens als Methode ist noch immer wenig verbreitet. Dabei beinhaltet sie unglaubliche M\u00f6glichkeiten, Teams oder Menschen zusammen zu bringen und gemeinsam an einem Thema zu forschen. Der Referent Uly Paya betrachtet dabei Themen aus dem Blickwinkel des &#8222;Philosophieren mit Kindern, Jugendlichen und Erwachsenen&#8220; und gibt Einblicke aus seinen vielf\u00e4ltigen Erfahrungen (seit&hellip;&nbsp;<a href=\"https:\/\/wir-philosophieren.at\/?page_id=96\" rel=\"bookmark\">Weiterlesen &raquo;<span class=\"screen-reader-text\">Vortr\u00e4ge &amp; Moderation<\/span><\/a><\/p>\n","protected":false},"author":1,"featured_media":0,"parent":0,"menu_order":0,"comment_status":"closed","ping_status":"closed","template":"","meta":{"neve_meta_sidebar":"","neve_meta_container":"","neve_meta_enable_content_width":"","neve_meta_content_width":0,"neve_meta_title_alignment":"","neve_meta_author_avatar":"","neve_post_elements_order":"","neve_meta_disable_header":"","neve_meta_disable_footer":"","neve_meta_disable_title":"","footnotes":""},"class_list":["post-96","page","type-page","status-publish","hentry"],"_links":{"self":[{"href":"https:\/\/wir-philosophieren.at\/index.php?rest_route=\/wp\/v2\/pages\/96","targetHints":{"allow":["GET"]}}],"collection":[{"href":"https:\/\/wir-philosophieren.at\/index.php?rest_route=\/wp\/v2\/pages"}],"about":[{"href":"https:\/\/wir-philosophieren.at\/index.php?rest_route=\/wp\/v2\/types\/page"}],"author":[{"embeddable":true,"href":"https:\/\/wir-philosophieren.at\/index.php?rest_route=\/wp\/v2\/users\/1"}],"replies":[{"embeddable":true,"href":"https:\/\/wir-philosophieren.at\/index.php?rest_route=%2Fwp%2Fv2%2Fcomments&post=96"}],"version-history":[{"count":11,"href":"https:\/\/wir-philosophieren.at\/index.php?rest_route=\/wp\/v2\/pages\/96\/revisions"}],"predecessor-version":[{"id":1323,"href":"https:\/\/wir-philosophieren.at\/index.php?rest_route=\/wp\/v2\/pages\/96\/revisions\/1323"}],"wp:attachment":[{"href":"https:\/\/wir-philosophieren.at\/index.php?rest_route=%2Fwp%2Fv2%2Fmedia&parent=96"}],"curies":[{"name":"wp","href":"https:\/\/api.w.org\/{rel}","templated":true}]}}