{"id":767,"date":"2025-03-02T09:33:02","date_gmt":"2025-03-02T09:33:02","guid":{"rendered":"https:\/\/wir-philosophieren.at\/?page_id=767"},"modified":"2026-04-18T08:34:35","modified_gmt":"2026-04-18T08:34:35","slug":"bildungschancen-workshops-wien","status":"publish","type":"page","link":"https:\/\/wir-philosophieren.at\/?page_id=767","title":{"rendered":"Workshops Bildungschancen Wien"},"content":{"rendered":"<div class=\"wp-block-group alignwide is-vertical is-layout-flex wp-container-core-group-is-layout-3 wp-block-group-is-layout-flex\"><div class=\"wp-block-group is-vertical is-layout-flex wp-container-core-group-is-layout-2 wp-block-group-is-layout-flex\"><div class=\"wp-block-group is-nowrap is-layout-flex wp-container-core-group-is-layout-1 wp-block-group-is-layout-flex\"><figure class=\"wp-block-image size-full is-resized has-custom-border\"><img loading=\"lazy\" decoding=\"async\" width=\"300\" height=\"168\" src=\"https:\/\/wir-philosophieren.at\/wp-content\/uploads\/2025\/02\/Bildungschancen-Wien-1.jpg\" alt=\"\" class=\"wp-image-657\" style=\"border-radius:20px;width:429px;height:auto\"\/><\/figure>\n\n<p><\/p><\/div><\/div><\/div><p>Bildungschancen sind ein kostenfreies Angebot f\u00fcr Schulen in Wien (VS, MS, ASO). Jede Schule hat ein Kontingent an Stunden bekommen. Hol Dir die Zustimmung Deiner Direktion und buche einen Workshop von uns gleich hier: <\/p><div style=\"height:33px\" aria-hidden=\"true\" class=\"wp-block-spacer\"><\/div><h2 class=\"wp-block-heading\"><strong>Wir bringen Euch<\/strong>&#8230;<\/h2><p>Themen wie \u201e<strong>Streiten\u201c, \u201eWertsch\u00e4tzung\u201c, \u201eGef\u00fchle\u201c, \u201eGemeinschaft\u201c oder \u201eKreativit\u00e4t<\/strong>\u201c. Gerne auch ein Wunsch-Thema.<\/p><div style=\"height:19px\" aria-hidden=\"true\" class=\"wp-block-spacer\"><\/div><h2 class=\"wp-block-heading\"><strong>Unsere Workshops <\/strong>&#8230;<\/h2><ul class=\"wp-block-list\"><li>sind stets eine Kombination zwischen einer themenbezogenen,<strong> praktischen \u00dcbung<\/strong> (Rollenspiel, Malen, Outdoorp\u00e4dagogik&#8230; u.a.) sowie dem <strong>Bildungsprinzip <\/strong>&#8222;Philosophieren mit Kindern&#8220;.<\/li>\n\n<li>f\u00f6rdern die Kommunikation und den Umgang miteinander in der Gruppe<\/li>\n\n<li>beinhalten stets Elemente der &#8222;Gewaltfreien Kommunikation&#8220; (GFK)<\/li>\n\n<li>sind ein wertsch\u00e4tzender Rahmen, um gemeinsam in einem angeleiteten Gespr\u00e4ch zu einer spannenden Frage zu forschen. <\/li><\/ul><div class=\"wp-block-image\"><figure class=\"aligncenter size-full is-resized has-custom-border\"><img loading=\"lazy\" decoding=\"async\" width=\"800\" height=\"600\" src=\"https:\/\/wir-philosophieren.at\/wp-content\/uploads\/2025\/02\/Kindergruppe-klein-Aleksandra-Kawka.jpg\" alt=\"\" class=\"wp-image-672\" style=\"border-radius:41px;width:491px;height:auto\" srcset=\"https:\/\/wir-philosophieren.at\/wp-content\/uploads\/2025\/02\/Kindergruppe-klein-Aleksandra-Kawka.jpg 800w, https:\/\/wir-philosophieren.at\/wp-content\/uploads\/2025\/02\/Kindergruppe-klein-Aleksandra-Kawka-300x225.jpg 300w, https:\/\/wir-philosophieren.at\/wp-content\/uploads\/2025\/02\/Kindergruppe-klein-Aleksandra-Kawka-768x576.jpg 768w, https:\/\/wir-philosophieren.at\/wp-content\/uploads\/2025\/02\/Kindergruppe-klein-Aleksandra-Kawka-600x450.jpg 600w\" sizes=\"auto, (max-width: 800px) 100vw, 800px\" \/><\/figure><\/div><div style=\"height:32px\" aria-hidden=\"true\" class=\"wp-block-spacer\"><\/div><h2 class=\"wp-block-heading\">Hier gleich anfragen: <\/h2><div class=\"wpforms-container wpforms-container-full wpforms-block wpforms-block-6386abf7-ed34-406c-bd81-03ce04c1d463 wpforms-render-modern\" id=\"wpforms-771\"><form id=\"wpforms-form-771\" class=\"wpforms-validate wpforms-form wpforms-ajax-form\" data-formid=\"771\" method=\"post\" enctype=\"multipart\/form-data\" action=\"\/index.php?rest_route=%2Fwp%2Fv2%2Fpages%2F767\" data-token=\"75e808be5130313f2ef720cdb4639065\" data-token-time=\"1776869870\"><noscript class=\"wpforms-error-noscript\">Bitte aktiviere JavaScript in deinem Browser, um dieses Formular fertigzustellen.<\/noscript><div class=\"wpforms-hidden\" id=\"wpforms-error-noscript\">Bitte aktiviere JavaScript in deinem Browser, um dieses Formular fertigzustellen.<\/div><div class=\"wpforms-field-container\"><div id=\"wpforms-771-field_4-container\" class=\"wpforms-field wpforms-field-payment-checkbox\" data-field-id=\"4\"><fieldset><legend class=\"wpforms-field-label\">Diese(n) Philosophier-Workshop(s) fragen wir an: <span class=\"wpforms-required-label\" aria-hidden=\"true\">*<\/span><\/legend><ul id=\"wpforms-771-field_4\" class=\"wpforms-field-required\"><li class=\"choice-5\"><input type=\"checkbox\" id=\"wpforms-771-field_4_5\" class=\"wpforms-payment-price\" data-amount=\"250.00\" name=\"wpforms[fields][4][]\" value=\"5\" aria-errormessage=\"wpforms-771-field_4_5-error\" required ><label class=\"wpforms-field-label-inline\" for=\"wpforms-771-field_4_5\">ein philosophisches Gruppengespr\u00e4ch (mit Wunschthema oder wir bringen einfach eines mit) &#8211; kombiniert mit einer praktischen \u00dcbung (wahlweise 2-4 Std.)<\/label><\/li><li class=\"choice-3\"><input type=\"checkbox\" id=\"wpforms-771-field_4_3\" class=\"wpforms-payment-price\" data-amount=\"250.00\" name=\"wpforms[fields][4][]\" value=\"3\" aria-errormessage=\"wpforms-771-field_4_3-error\" required ><label class=\"wpforms-field-label-inline\" for=\"wpforms-771-field_4_3\">Malworkshop &amp; Atelierbesuch und das Thema &#8222;Was ist Kreativit\u00e4t?&#8220; (wahlweise 3-5 Std.)<\/label><\/li><li class=\"choice-2\"><input type=\"checkbox\" id=\"wpforms-771-field_4_2\" class=\"wpforms-payment-price\" data-amount=\"250.00\" name=\"wpforms[fields][4][]\" value=\"2\" aria-errormessage=\"wpforms-771-field_4_2-error\" required ><label class=\"wpforms-field-label-inline\" for=\"wpforms-771-field_4_2\">Wie kommunieren wir eigentlich? Was ist eine (gute) Gemeinschaft?- mit ansprechendem Gruppenspiel, wo nur alle durch Zusammenarbeit gewinnen k\u00f6nnen (wahlweise 2-3 Std.)<\/label><\/li><li class=\"choice-4\"><input type=\"checkbox\" id=\"wpforms-771-field_4_4\" class=\"wpforms-payment-price\" data-amount=\"250.00\" name=\"wpforms[fields][4][]\" value=\"4\" aria-errormessage=\"wpforms-771-field_4_4-error\" required ><label class=\"wpforms-field-label-inline\" for=\"wpforms-771-field_4_4\">&#8222;Streiten und Kommunizieren&#8220; &#8211; mit Rollenspiel (wahlweise 2-4 Std.)<\/label><\/li><li class=\"choice-6\"><input type=\"checkbox\" id=\"wpforms-771-field_4_6\" class=\"wpforms-payment-price\" data-amount=\"480.00\" name=\"wpforms[fields][4][]\" value=\"6\" aria-errormessage=\"wpforms-771-field_4_6-error\" required ><label class=\"wpforms-field-label-inline\" for=\"wpforms-771-field_4_6\">&#8222;Videocast Philotalk&#8220; \u2013 wir forschen zu einem Thema und filmen das Gespr\u00e4ch f\u00fcr Euch mit (3-5 Std.)<\/label><\/li><\/ul><\/fieldset><\/div><div id=\"wpforms-771-field_11-container\" class=\"wpforms-field wpforms-field-select wpforms-field-select-style-classic\" data-field-id=\"11\"><label class=\"wpforms-field-label\" for=\"wpforms-771-field_11\">Wieviel Workshops m\u00f6chtest Du buchen?<\/label><select id=\"wpforms-771-field_11\" class=\"wpforms-field-medium\" name=\"wpforms[fields][11]\"><option value=\"1\" >1<\/option><option value=\"2\" >2<\/option><option value=\"3\" >3<\/option><\/select><\/div><div id=\"wpforms-771-field_12-container\" class=\"wpforms-field wpforms-field-select wpforms-field-select-style-classic\" data-field-id=\"12\"><label class=\"wpforms-field-label\" for=\"wpforms-771-field_12\">Wie lange soll ein Workshop dauern? (Std)<\/label><select id=\"wpforms-771-field_12\" class=\"wpforms-field-medium\" name=\"wpforms[fields][12]\"><option value=\"2\" >2<\/option><option value=\"3\" >3<\/option><option value=\"4\" >4<\/option><option value=\"5\" >5<\/option><\/select><div id=\"wpforms-771-field_12-description\" class=\"wpforms-field-description\">Standard ist 2 Stunden, gerne auch mehr. Bei den Malworkshops sind mind. 3 und max. 5 Stunden m\u00f6glich.<\/div><\/div><div id=\"wpforms-771-field_1-container\" class=\"wpforms-field wpforms-field-name\" data-field-id=\"1\"><fieldset><legend class=\"wpforms-field-label\">Name <span class=\"wpforms-required-label\" aria-hidden=\"true\">*<\/span><\/legend><div class=\"wpforms-field-row wpforms-field-medium\"><div class=\"wpforms-field-row-block wpforms-first wpforms-one-half\"><input type=\"text\" id=\"wpforms-771-field_1\" class=\"wpforms-field-name-first wpforms-field-required\" name=\"wpforms[fields][1][first]\" aria-errormessage=\"wpforms-771-field_1-error\" required><label for=\"wpforms-771-field_1\" class=\"wpforms-field-sublabel after\">Vorname<\/label><\/div><div class=\"wpforms-field-row-block wpforms-one-half\"><input type=\"text\" id=\"wpforms-771-field_1-last\" class=\"wpforms-field-name-last wpforms-field-required\" name=\"wpforms[fields][1][last]\" aria-errormessage=\"wpforms-771-field_1-last-error\" required><label for=\"wpforms-771-field_1-last\" class=\"wpforms-field-sublabel after\">Nachname<\/label><\/div><\/div><\/fieldset><\/div><div id=\"wpforms-771-field_2-container\" class=\"wpforms-field wpforms-field-email\" data-field-id=\"2\"><label class=\"wpforms-field-label\" for=\"wpforms-771-field_2\">E-Mail-Adresse <span class=\"wpforms-required-label\" aria-hidden=\"true\">*<\/span><\/label><input type=\"email\" id=\"wpforms-771-field_2\" class=\"wpforms-field-medium wpforms-field-required\" name=\"wpforms[fields][2]\" spellcheck=\"false\" aria-errormessage=\"wpforms-771-field_2-error\" required><\/div><div id=\"wpforms-771-field_5-container\" class=\"wpforms-field wpforms-field-text\" data-field-id=\"5\"><label class=\"wpforms-field-label\" for=\"wpforms-771-field_5\">Telefonnummer (optional &amp; &quot;f\u00fcr alle F\u00e4lle&quot; oder R\u00fcckrufwunsch)<\/label><input type=\"text\" id=\"wpforms-771-field_5\" class=\"wpforms-field-medium\" name=\"wpforms[fields][5]\" aria-errormessage=\"wpforms-771-field_5-error\" ><\/div><div id=\"wpforms-771-field_6-container\" class=\"wpforms-field wpforms-field-number\" data-field-id=\"6\"><label class=\"wpforms-field-label\" for=\"wpforms-771-field_6\">Anzahl Sch\u00fcler*innen <span class=\"wpforms-required-label\" aria-hidden=\"true\">*<\/span><\/label><input type=\"number\" id=\"wpforms-771-field_6\" class=\"wpforms-field-medium wpforms-field-required\" name=\"wpforms[fields][6]\" aria-errormessage=\"wpforms-771-field_6-error\" required><\/div><div id=\"wpforms-771-field_7-container\" class=\"wpforms-field wpforms-field-text\" data-field-id=\"7\"><label class=\"wpforms-field-label\" for=\"wpforms-771-field_7\">Adresse und PLZ der Schule\/Einrichtung <span class=\"wpforms-required-label\" aria-hidden=\"true\">*<\/span><\/label><input type=\"text\" id=\"wpforms-771-field_7\" class=\"wpforms-field-medium wpforms-field-required\" name=\"wpforms[fields][7]\" aria-errormessage=\"wpforms-771-field_7-error\" required><\/div><div id=\"wpforms-771-field_13-container\" class=\"wpforms-field wpforms-field-select wpforms-field-select-style-classic\" data-field-id=\"13\"><label class=\"wpforms-field-label\" for=\"wpforms-771-field_13\">Art der Schule <span class=\"wpforms-required-label\" aria-hidden=\"true\">*<\/span><\/label><select id=\"wpforms-771-field_13\" class=\"wpforms-field-medium wpforms-field-required\" name=\"wpforms[fields][13]\" required=\"required\"><option value=\"VS, GVS, MSK\" >VS, GVS, MSK<\/option><option value=\"MS, MSK\" >MS, MSK<\/option><option value=\"ASO\" >ASO<\/option><option value=\"AHS\" >AHS<\/option><option value=\"Andere Schulform\" >Andere Schulform<\/option><\/select><\/div><div id=\"wpforms-771-field_14-container\" class=\"wpforms-field wpforms-field-select wpforms-field-select-style-classic\" data-field-id=\"14\"><label class=\"wpforms-field-label\" for=\"wpforms-771-field_14\">Schulstufe <span class=\"wpforms-required-label\" aria-hidden=\"true\">*<\/span><\/label><select id=\"wpforms-771-field_14\" class=\"wpforms-field-medium wpforms-field-required\" name=\"wpforms[fields][14]\" required=\"required\"><option value=\"bitte ausw\u00e4hlen\" >bitte ausw\u00e4hlen<\/option><option value=\"Mehrstufenklasse\" >Mehrstufenklasse<\/option><option value=\"Klassen\u00fcbergreifend\" >Klassen\u00fcbergreifend<\/option><option value=\"1\" >1<\/option><option value=\"2\" >2<\/option><option value=\"3\" >3<\/option><option value=\"4\" >4<\/option><option value=\"5\" >5<\/option><option value=\"6\" >6<\/option><option value=\"7\" >7<\/option><option value=\"8\" >8<\/option><option value=\"9\" >9<\/option><\/select><\/div><div id=\"wpforms-771-field_10-container\" class=\"wpforms-field wpforms-field-radio\" data-field-id=\"10\"><fieldset><legend class=\"wpforms-field-label\">Die Abrechnung bitte  <span class=\"wpforms-required-label\" aria-hidden=\"true\">*<\/span><\/legend><ul id=\"wpforms-771-field_10\" class=\"wpforms-field-required\"><li class=\"choice-2 depth-1\"><input type=\"radio\" id=\"wpforms-771-field_10_2\" name=\"wpforms[fields][10]\" value=\"\u00fcber die Bildungschancen (Wien)\" aria-errormessage=\"wpforms-771-field_10_2-error\" required ><label class=\"wpforms-field-label-inline\" for=\"wpforms-771-field_10_2\">\u00fcber die Bildungschancen (Wien)<\/label><\/li><li class=\"choice-1 depth-1\"><input type=\"radio\" id=\"wpforms-771-field_10_1\" name=\"wpforms[fields][10]\" value=\"per Rechnungslegung (bitte die Adresse bekanntgeben!)\" aria-errormessage=\"wpforms-771-field_10_1-error\" required ><label class=\"wpforms-field-label-inline\" for=\"wpforms-771-field_10_1\">per Rechnungslegung (bitte die Adresse bekanntgeben!)<\/label><\/li><\/ul><\/fieldset><\/div><div id=\"wpforms-771-field_8-container\" class=\"wpforms-field wpforms-field-text\" data-field-id=\"8\"><label class=\"wpforms-field-label\" for=\"wpforms-771-field_8\">bitte (wenn m\u00f6glich) Wunschtermine angeben:<\/label><input type=\"text\" id=\"wpforms-771-field_8\" class=\"wpforms-field-medium\" name=\"wpforms[fields][8]\" aria-errormessage=\"wpforms-771-field_8-error\" ><\/div><div id=\"wpforms-771-field_16-container\" class=\"wpforms-field wpforms-field-text\" data-field-id=\"16\"><label class=\"wpforms-field-label\" for=\"wpforms-771-field_16\">bitte Wunschzeiten angeben:<\/label><input type=\"text\" id=\"wpforms-771-field_16\" class=\"wpforms-field-medium\" name=\"wpforms[fields][16]\" aria-errormessage=\"wpforms-771-field_16-error\" ><\/div><div id=\"wpforms-771-field_3-container\" class=\"wpforms-field wpforms-field-textarea\" data-field-id=\"3\"><label class=\"wpforms-field-label\" for=\"wpforms-771-field_3\">Hinweise, W\u00fcnsche oder Anmerkungen<\/label><textarea id=\"wpforms-771-field_3\" class=\"wpforms-field-medium\" name=\"wpforms[fields][3]\" aria-errormessage=\"wpforms-771-field_3-error\" ><\/textarea><\/div><div id=\"wpforms-771-field_15-container\" class=\"wpforms-field wpforms-field-checkbox\" data-field-id=\"15\"><fieldset><legend class=\"wpforms-field-label\">Informationen \u00fcber neue Fortbildungen, spezielle Veranstaltungen <\/legend><ul id=\"wpforms-771-field_15\"><li class=\"choice-1 depth-1\"><input type=\"checkbox\" id=\"wpforms-771-field_15_1\" name=\"wpforms[fields][15][]\" value=\"ich h\u00e4tte bitte gerne den Info-Letter der Akademie (ca. 2-3x im Jahr)\" aria-errormessage=\"wpforms-771-field_15_1-error\"  ><label class=\"wpforms-field-label-inline\" for=\"wpforms-771-field_15_1\">ich h\u00e4tte bitte gerne den Info-Letter der Akademie (ca. 2-3x im Jahr)<\/label><\/li><\/ul><\/fieldset><\/div><\/div><!-- .wpforms-field-container --><div class=\"wpforms-submit-container\" ><input type=\"hidden\" name=\"wpforms[id]\" value=\"771\"><input type=\"hidden\" name=\"page_title\" value=\"\"><input type=\"hidden\" name=\"page_url\" value=\"https:\/\/wir-philosophieren.at\/index.php?rest_route=\/wp\/v2\/pages\/767\"><button type=\"submit\" name=\"wpforms[submit]\" id=\"wpforms-submit-771\" class=\"wpforms-submit\" data-alt-text=\"Wird gesendet\u00a0\u2026\" data-submit-text=\"Absenden der Anfrage\" aria-live=\"assertive\" value=\"wpforms-submit\">Absenden der Anfrage<\/button><img loading=\"lazy\" decoding=\"async\" src=\"https:\/\/wir-philosophieren.at\/wp-content\/plugins\/wpforms-lite\/assets\/images\/submit-spin.svg\" class=\"wpforms-submit-spinner\" style=\"display: none;\" width=\"26\" height=\"26\" alt=\"Wird geladen\"><\/div><\/form><\/div>  <!-- .wpforms-container --><div style=\"height:18px\" aria-hidden=\"true\" class=\"wp-block-spacer\"><\/div><h2 class=\"wp-block-heading\">Unser Workshop-Angebot im Detail:<\/h2><p>1. <strong>Philosophieren mit Kindern, eigenes Wunsch-Thema<\/strong><br>Wir greifen ein Wunschthema von Euch (in Absprache vorher) auf und machen am Workshoptag dazu praktische \u00dcbungen. Danach leiten wir ein philosophisches Gespr\u00e4ch an. Hier ein paar Beispiel-Fratgen: &#8222;Wer bin ich?&#8220;, &#8222;Was bedeutet Mut?&#8220;, &#8222;Was bedeutet Anderssein eigentlich?&#8220;, &#8222;Was ist Natur?&#8220; oder &#8222;Was unterscheidet Glaube vom Wissen?&#8220;&#8230;<\/p><p>2. Im <strong>Workshop Malen &amp; Philosophieren <\/strong>laden wir die Kinder in das Atelier des Malers Uly Paya ein (Adresse ist die Akademie). Dort erz\u00e4hlt er \u00fcber seine Entwicklung im Malen und \u00fcber die unterschiedlichen Stile. Es gibt auch einen Kurzfilm auf Kinoleinwand zum Staunen. Im Garten der Akademie h\u00e4lt Uly dann einen <strong>Malworkshop <\/strong>und nat\u00fcrlich philosophieren wir dann auch gemeinsam, z.B. \u00fcber Kreativit\u00e4t und zur Frage \u201eWoher kommen die Ideen eigentlich?\u201c.<\/p><figure class=\"wp-block-gallery has-nested-images columns-default is-cropped wp-block-gallery-1 is-layout-flex wp-block-gallery-is-layout-flex\"><figure class=\"wp-block-image size-large\"><img loading=\"lazy\" decoding=\"async\" width=\"1024\" height=\"512\" data-id=\"1006\" src=\"https:\/\/wir-philosophieren.at\/wp-content\/uploads\/2025\/06\/Malen1-1024x512.jpg\" alt=\"\" class=\"wp-image-1006\" srcset=\"https:\/\/wir-philosophieren.at\/wp-content\/uploads\/2025\/06\/Malen1-1024x512.jpg 1024w, https:\/\/wir-philosophieren.at\/wp-content\/uploads\/2025\/06\/Malen1-300x150.jpg 300w, https:\/\/wir-philosophieren.at\/wp-content\/uploads\/2025\/06\/Malen1-768x384.jpg 768w, https:\/\/wir-philosophieren.at\/wp-content\/uploads\/2025\/06\/Malen1-1536x768.jpg 1536w, https:\/\/wir-philosophieren.at\/wp-content\/uploads\/2025\/06\/Malen1-600x300.jpg 600w, https:\/\/wir-philosophieren.at\/wp-content\/uploads\/2025\/06\/Malen1.jpg 1600w\" sizes=\"auto, (max-width: 1024px) 100vw, 1024px\" \/><\/figure>\n\n<figure class=\"wp-block-image size-large\"><img loading=\"lazy\" decoding=\"async\" width=\"1024\" height=\"512\" data-id=\"1004\" src=\"https:\/\/wir-philosophieren.at\/wp-content\/uploads\/2025\/06\/malen2-1024x512.jpg\" alt=\"\" class=\"wp-image-1004\" srcset=\"https:\/\/wir-philosophieren.at\/wp-content\/uploads\/2025\/06\/malen2-1024x512.jpg 1024w, https:\/\/wir-philosophieren.at\/wp-content\/uploads\/2025\/06\/malen2-300x150.jpg 300w, https:\/\/wir-philosophieren.at\/wp-content\/uploads\/2025\/06\/malen2-768x384.jpg 768w, https:\/\/wir-philosophieren.at\/wp-content\/uploads\/2025\/06\/malen2-1536x768.jpg 1536w, https:\/\/wir-philosophieren.at\/wp-content\/uploads\/2025\/06\/malen2-600x300.jpg 600w, https:\/\/wir-philosophieren.at\/wp-content\/uploads\/2025\/06\/malen2.jpg 1600w\" sizes=\"auto, (max-width: 1024px) 100vw, 1024px\" \/><\/figure>\n\n<figure class=\"wp-block-image size-large\"><img loading=\"lazy\" decoding=\"async\" width=\"1024\" height=\"512\" data-id=\"1402\" src=\"https:\/\/wir-philosophieren.at\/wp-content\/uploads\/2026\/04\/IMG_20250618_124244-1024x512.jpg\" alt=\"\" class=\"wp-image-1402\" srcset=\"https:\/\/wir-philosophieren.at\/wp-content\/uploads\/2026\/04\/IMG_20250618_124244-1024x512.jpg 1024w, https:\/\/wir-philosophieren.at\/wp-content\/uploads\/2026\/04\/IMG_20250618_124244-300x150.jpg 300w, https:\/\/wir-philosophieren.at\/wp-content\/uploads\/2026\/04\/IMG_20250618_124244-768x384.jpg 768w, https:\/\/wir-philosophieren.at\/wp-content\/uploads\/2026\/04\/IMG_20250618_124244-1536x768.jpg 1536w, https:\/\/wir-philosophieren.at\/wp-content\/uploads\/2026\/04\/IMG_20250618_124244-2048x1024.jpg 2048w, https:\/\/wir-philosophieren.at\/wp-content\/uploads\/2026\/04\/IMG_20250618_124244-600x300.jpg 600w\" sizes=\"auto, (max-width: 1024px) 100vw, 1024px\" \/><\/figure><\/figure><p><\/p><p>3. Im <strong>Workshop &#8222;Gemeinschaft&#8220; <\/strong>spielen wir ein Abenteuerspiel, wo ledeglich die ganze Klasse oder niemand gewinnen kann. Im philosophischen, angeleiteten Gespr\u00e4ch reflektieren und erforschen wir Fragen &#8222;Was macht eine Gemeinschaft aus? Wer \u00fcbernimmt Verantwortung? Welche Rolle hat jeder?&#8230;&#8220;<\/p><p>4. <strong>Streiten und Kommunizieren<\/strong>: mit Rollenspiel &amp; Theaterelementen. Welche Gef\u00fchle entstehen beim Streiten? Woher kommt ein Streit? Was ist das \u00fcberhaupt, das Streiten? Das philosophische Gespr\u00e4ch rundet diese Einheit ab.<\/p><figure class=\"wp-block-image size-full is-resized\"><img loading=\"lazy\" decoding=\"async\" width=\"869\" height=\"540\" src=\"https:\/\/wir-philosophieren.at\/wp-content\/uploads\/2026\/04\/workshopMedien.jpg\" alt=\"\" class=\"wp-image-1403\" style=\"width:477px;height:auto\" srcset=\"https:\/\/wir-philosophieren.at\/wp-content\/uploads\/2026\/04\/workshopMedien.jpg 869w, https:\/\/wir-philosophieren.at\/wp-content\/uploads\/2026\/04\/workshopMedien-300x186.jpg 300w, https:\/\/wir-philosophieren.at\/wp-content\/uploads\/2026\/04\/workshopMedien-768x477.jpg 768w, https:\/\/wir-philosophieren.at\/wp-content\/uploads\/2026\/04\/workshopMedien-600x373.jpg 600w\" sizes=\"auto, (max-width: 869px) 100vw, 869px\" \/><\/figure><p>5. Beim <strong>Medienworkshop \u201ePhilotalk\u201c<\/strong> filmen wir mit professioneller Kamera und Equipment und Philosophieren in einem angeleiteten Gespr\u00e4ch \u00fcber ein spannendes Thema wie z.B. &#8222;Was bedeutet Mut?&#8220;, &#8222;Was bedeutet es, wertsch\u00e4tzend zu kommunizieren?&#8220; oder &#8222;Welche Rolle spiele ich in einer Gemeinschaft?&#8220;. Ein Profi aus der Filmbranche begleitet uns dabei.<\/p><div style=\"height:32px\" aria-hidden=\"true\" class=\"wp-block-spacer\"><\/div><h2 class=\"wp-block-heading\">Preise<\/h2><p><strong>Alle Workshops werden mit der Bildungschance verrechnet. <\/strong>Bitte kl\u00e4ren Sie das immer vorab mit Ihrer Direktion ab, ob Eure Schule noch Kontingent hat, danke!<br><br><strong>Philosophier-Workshops: <\/strong>250 \u20ac f\u00fcr 2 Std., 360 \u20ac f\u00fcr 3 Std.<br>Anmerkung: Wenn Sie mehr Stunden nehmen, k\u00f6nnen wir noch mehr in die Tiefe gehen und weitere \u00dcbungen zum Thema anbieten.<\/p><p><strong>Mal-Workshops:<\/strong> 360 \u20ac f\u00fcr 3 Std., 470 \u20ac f\u00fcr 4 Std., 580 \u20ac f\u00fcr 5 Std.<br>3 \u20ac pro Leinwand und Person (optional), ansonsten malen wir auf Papier<br><br><strong>Preis Medienworkshop \u201ePhilotalk\u201c: <\/strong>540 \u20ac f\u00fcr 3 Stunden in der Akademie (+80 \u20ac in Ihrer Institution im Raum Wien), inkl. Material und 2 Workshopleiter<\/p><h2 class=\"wp-block-heading\">Modulares Angebot<\/h2><p class=\"has-text-align-left\">Wollen Sie den Prozess z.B. Kommunikation\/Gemeinschaft mit Kindern vertiefen m\u00f6chten, kommen wir gerne \u00f6fters zu Euch. Wir bieten dazu ein <strong>modulares Konzept<\/strong>, wo wir zu aufeinander abgestimmten Themen kommen wie z.B: <strong>&#8222;Was bedeutet Streiten?&#8220; &#8222;Was ist wertsch\u00e4tzende Kommunikation?&#8220; &#8222;Welche Rolle habe ich in einer Gemeinschaft? Was ist Gemeinschaft eigentlich?&#8220;<\/strong>&#8230;und gerne in Absprache.<\/p><div style=\"height:16px\" aria-hidden=\"true\" class=\"wp-block-spacer\"><\/div><p>Viel Spa\u00df beim Philosophieren!<br>Euer Philo-Team<\/p><div style=\"height:40px\" aria-hidden=\"true\" class=\"wp-block-spacer\"><\/div><div style=\"height:51px\" aria-hidden=\"true\" class=\"wp-block-spacer\"><\/div>","protected":false},"excerpt":{"rendered":"<p>Bildungschancen sind ein kostenfreies Angebot f\u00fcr Schulen in Wien (VS, MS, ASO). Jede Schule hat ein Kontingent an Stunden bekommen. Hol Dir die Zustimmung Deiner Direktion und buche einen Workshop von uns gleich hier: Wir bringen Euch&#8230; Themen wie \u201eStreiten\u201c, \u201eWertsch\u00e4tzung\u201c, \u201eGef\u00fchle\u201c, \u201eGemeinschaft\u201c oder \u201eKreativit\u00e4t\u201c. Gerne auch ein Wunsch-Thema. Unsere Workshops &#8230; Hier gleich anfragen:&hellip;&nbsp;<a href=\"https:\/\/wir-philosophieren.at\/?page_id=767\" rel=\"bookmark\">Weiterlesen &raquo;<span class=\"screen-reader-text\">Workshops Bildungschancen Wien<\/span><\/a><\/p>\n","protected":false},"author":1,"featured_media":0,"parent":0,"menu_order":0,"comment_status":"closed","ping_status":"closed","template":"","meta":{"neve_meta_sidebar":"","neve_meta_container":"","neve_meta_enable_content_width":"","neve_meta_content_width":0,"neve_meta_title_alignment":"","neve_meta_author_avatar":"","neve_post_elements_order":"","neve_meta_disable_header":"","neve_meta_disable_footer":"","neve_meta_disable_title":"","footnotes":""},"class_list":["post-767","page","type-page","status-publish","hentry"],"_links":{"self":[{"href":"https:\/\/wir-philosophieren.at\/index.php?rest_route=\/wp\/v2\/pages\/767","targetHints":{"allow":["GET"]}}],"collection":[{"href":"https:\/\/wir-philosophieren.at\/index.php?rest_route=\/wp\/v2\/pages"}],"about":[{"href":"https:\/\/wir-philosophieren.at\/index.php?rest_route=\/wp\/v2\/types\/page"}],"author":[{"embeddable":true,"href":"https:\/\/wir-philosophieren.at\/index.php?rest_route=\/wp\/v2\/users\/1"}],"replies":[{"embeddable":true,"href":"https:\/\/wir-philosophieren.at\/index.php?rest_route=%2Fwp%2Fv2%2Fcomments&post=767"}],"version-history":[{"count":50,"href":"https:\/\/wir-philosophieren.at\/index.php?rest_route=\/wp\/v2\/pages\/767\/revisions"}],"predecessor-version":[{"id":1404,"href":"https:\/\/wir-philosophieren.at\/index.php?rest_route=\/wp\/v2\/pages\/767\/revisions\/1404"}],"wp:attachment":[{"href":"https:\/\/wir-philosophieren.at\/index.php?rest_route=%2Fwp%2Fv2%2Fmedia&parent=767"}],"curies":[{"name":"wp","href":"https:\/\/api.w.org\/{rel}","templated":true}]}}